. What is t(-13)?
-3
Let a(k) = k**2 - 21*k + 6. What is a(19)?
-32
Let d(n) = -n**3 + 7*n**2 + 11*n - 12. What is d(8)?
12
Let r(y) = -y - 79. Determine r(13).
-92
Let i(k) = -k**2 + 17*k + 64. What is i(20)?
4
Let c(b) = 3*b - 5. Determine c(-2).
-11
Let i(r) = -r**3 + 27*r**2 - 30*r + 100. Give i(26).
-4
Let c(q) = q + 9. Give c(-16).
-7
Let x(o) = 2*o - 7. What is x(4)?
1
Let x(w) = -3*w**3 + 16*w**2 - 6*w - 3. Determine x(5).
-8
Let z(s) = s - 1. Determine z(-15).
-16
Let x(z) = 2*z**2 + 6*z - 13. Determine x(-5).
7
Let l(h) = 6*h - 26. Determine l(-12).
-98
Let r(b) = b**3 + 5*b**2 - 4*b - 15. Determine r(-4).
17
Let v(b) = -4*b**3 - 1. Calculate v(-2).
31
Let n(p) = 5*p + 7. Give n(-2).
-3
Let y(q) = q**3 - 7*q**2 - 20*q + 11. Give y(9).
-7
Let n(c) = c**2 + 6*c + 10. What is n(-13)?
101
Let u(k) = -6*k - 10. Determine u(-4).
14
Let u(n) = n**2 - 11*n + 15. Determine u(7).
-13
Let o(z) = 2*z**2 + 5*z + 4. Give o(-3).
7
Let m(h) = 5*h - 13. Give m(11).
42
Let b(l) = -l**2 + 26*l + 31. Determine b(27).
4
Let m(z) = z**3 + 9*z**2 + 6*z + 8. Calculate m(-9).
-46
Let l(u) = -8*u - 5. Calculate l(0).
-5
Let t(s) = -s**3 + 9*s**2 - 25*s - 7. Give t(5).
-32
Let d(g) = -6*g**3 - 7*g - 19. Give d(-2).
43
Let j(m) = 127*m**2 + 4*m. Give j(1).
131
Let k(p) = 2*p**3 + 5*p**2 - 7. Determine k(-4).
-55
Let d(m) = -m - 14. Determine d(-3).
-11
Let z(x) = 6*x - 5. Give z(3).
13
Let r(y) = 2*y**3 - 5*y**2 - 15*y + 9. What is r(-4)?
-139
Let x(k) = -k**3 + 21*k**2 - 24*k + 76. Calculate x(20).
-4
Let v(k) = -k**3 + k**2 + 15*k - 10. Determine v(4).
2
Let x(p) = p**3 - 2*p**2 - 6*p + 4. Calculate x(4).
12
Let i(c) = 6*c - 114. Give i(19).
0
Let s(v) = -2*v**2 - 13*v + 15. Give s(-7).
8
Let d(f) = 4*f - 59. Determine d(6).
-35
Let m(n) = -n**3 + 19*n**2 - 17*n - 5. Calculate m(18).
13
Let b(v) = -v**2 + 8*v + 1. Give b(4).
17
Let k(q) = -13*q + 146. Calculate k(12).
-10
Let m(s) = 2*s**3 - 21*s**2 + 9*s - 16. Give m(10).
-26
Let l(f) = -f**2 - 20*f - 86. What is l(-12)?
10
Let w(y) = y**3 + 27*y**2 + 26*y + 7. Calculate w(-26).
7
Let z(a) = -a**2 - a + 5. Calculate z(-3).
-1
Let h(l) = -13*l**2 - 66*l - 6. Determine h(-5).
-1
Let z(o) = o**2 - 5*o + 1. Calculate z(5).
1
Let m(k) = k**3 - 5*k**2 + 3*k + 1. What is m(3)?
-8
Let b(i) = -i**2 + 24*i - 113. What is b(6)?
-5
Let r(a) = -2*a - 37. What is r(-10)?
-17
Let p(v) = -v**3 - 4*v**2 - 3*v + 1. What is p(-4)?
13
Let h(a) = -2*a**3 - 15*a**2 + 9*a + 11. Give h(-8).
3
Let t(p) = 12*p + 2. Give t(-2).
-22
Let b(q) = -34*q - 324. Determine b(-9).
-18
Let o(x) = 4*x**2 + 10*x - 41. Give o(3).
25
Let y(u) = u**2 - 18*u + 9. Calculate y(17).
-8
Let o(x) = -x**3 - x - 3. Calculate o(-1).
-1
Let l(h) = 2*h**2 + 2*h + 3. Give l(-1).
3
Let y(i) = -i**2 - i + 2. Determine y(2).
-4
Let h(w) = w**2 - 4*w + 3. Determine h(1).
0
Let v(o) = 16*o - 110. Calculate v(7).
2
Let k(j) = -j**3 - 6*j**2 + 4*j + 21. Calculate k(-6).
-3
Let s(f) = -9*f**3 + f. What is s(1)?
-8
Let f(z) = -z**2 - 5*z + 7. What is f(-7)?
-7
Let z(r) = r**2 + 9*r - 34. What is z(-11)?
-12
Let v(j) = j + 12. What is v(-18)?
-6
Let v(z) = -z - 4. Determine v(-11).
7
Let j(i) = -i**3 - 3*i**2 + 2*i + 4. Determine j(-4).
12
Let l(r) = r**3 - 5*r**2 - 9*r - 7. Calculate l(7).
28
Let r(c) = 4*c + 49. What is r(-15)?
-11
Let y(a) = a**3 - 11*a**2 + 14*a + 2. Determine y(10).
42
Let z(k) = -2*k**3 - 4*k**2 - k + 2. What is z(-2)?
4
Let u(k) = 9*k - 106. What is u(7)?
-43
Let v(y) = -y**3 - y**2 + 2*y + 4. What is v(0)?
4
Let s(z) = z**2 + z + 7. What is s(4)?
27
Let f(u) = -u**3 + u**2 - 2*u + 5. Determine f(3).
-19
Let m(a) = a**3 - 6*a**2 + 7*a - 38. What is m(6)?
4
Let j(v) = -3*v**2 + v - 1. Calculate j(1).
-3
Let z(n) = -n**2 + 35*n + 29. Give z(36).
-7
Let b(s) = -s**2 + 26*s - 141. Give b(20).
-21
Let p(c) = -4*c**3 - 3*c**2 + 6*c - 5. Determine p(2).
-37
Let a(c) = -6*c - 6. Determine a(3).
-24
Let p(d) = 26*d - 32. Calculate p(6).
124
Let j(a) = -a**2 - 18*a - 21. What is j(-14)?
35
Let j(q) = -5*q + 123. Give j(26).
-7
Let b(r) = r**2 + 20*r - 15. Calculate b(-20).
-15
Let y(c) = 3*c**2 + 5*c - 4. What is y(-5)?
46
Let t(g) = -g + 3. Calculate t(8).
-5
Let j(h) = -4*h + 1. Calculate j(2).
-7
Let o(s) = s**2 - 15*s + 52. Determine o(8).
-4
Let w(z) = z + 2. Determine w(1).
3
Let u(x) = x**3 + x + 90. Determine u(0).
90
Let d(j) = -21*j - 10. Give d(-3).
53
Let v(m) = -10*m**3 + 3*m**2 + 3*m - 4. Give v(1).
-8
Let n(a) = a**2 + 12*a - 7. Give n(-10).
-27
Let c(i) = i**2 + i + 2. Give c(2).
8
Let n(p) = 7*p - 55. What is n(7)?
-6
Let k(y) = y**3 - 7*y**2 + 4*y + 2. What is k(5)?
-28
Let m(y) = y**2 + 12*y - 8. Give m(-12).
-8
Let q(z) = 4*z**2 - 10*z + 3. Calculate q(2).
-1
Let r(i) = -2*i - 9. Calculate r(8).
-25
Let y(l) = 60*l + 354. Calculate y(-6).
-6
Let w(r) = 157*r - 1094. Determine w(7).
5
Let p(w) = -w**2 + 13*w + 24. Determine p(15).
-6
Let p(b) = -b**3 + 7*b**2 - 6*b + 3. Give p(5).
23
Let p(s) = s**2 + 2*s - 7. Determine p(0).
-7
Let k(q) = -2*q - 88. Determine k(-43).
-2
Let q(d) = d**2 + 8*d + 6. Calculate q(-6).
-6
Let j(t) = -t**2 + 22*t + 69. Calculate j(20).
109
Let k(w) = 8*w**2 + 3*w - 11. Give k(-3).
52
Let c(r) = 50*r**2 - 1. Give c(1).
49
Let o(w) = 2*w**3 - 39*w**2 + 7*w + 216. Give o(19).
-12
Let b(q) = -3*q**3 - 271*q**2 - 88*q + 179. What is b(-90)?
-1
Let f(s) = -s**2 - 14*s - 14. Give f(-12).
10
Let f(g) = g**2 - 12*g - 10. What is f(13)?
3
Let s(p) = -p**2 + 16*p - 16. Give s(17).
-33
Let q(o) = o**3 - 10*o**2 + 13*o - 33. Give q(9).
3
Let d(t) = t**2 + 20*t + 45. Give d(-17).
-6
Let c(o) = o**3 + 13*o**2 + 13*o - 19. What is c(-12)?
-31
Let n(d) = d**2 - 15*d + 44. Give n(11).
0
Let x(w) = -2*w**3 + 6*w**2 - 4*w + 6. Give x(3).
-6
Let c(z) = -z**2 - 9*z - 25. What is c(-7)?
-11
Let h(c) = -c**3 + 8*c**2 - 14*c + 52. What is h(6)?
40
Let w(x) = -x**2 - 7*x + 7. What is w(-8)?
-1
Let n(g) = -g**2 + 17*g - 56. Calculate n(7).
14
Let h(y) = -y**3 - 4*y**2 + 7*y - 6. Determine h(-6).
24
Let t(g) = -g**3 + 22*g**2 + 2*g - 48. Give t(22).
-4
Let v(w) = w - 11. Calculate v(17).
6
Let g(v) = v**3 + 9*v**2 - 20*v + 13. What is g(-11)?
-9
Let d(t) = 6*t**2 - 14*t + 10. Give d(1).
2
Let w(s) = -s**3 + 4*s**2 - 3*s - 2. Calculate w(3).
-2
Let a(t) = -5*t + 4. Determine a(-6).
34
Let z(t) = 3*t + 14. What is z(-8)?
-10
Let c(t) = -5*t - 91. Determine c(-21).
14
Let p(w) = w**2 + 4*w - 3. Calculate p(2).
9
Let i(t) = t**2 + 11*t + 4. Calculate i(-7).
-24
Let z(m) = -48*m**3 - 2*m - 1. What is z(-1)?
49
Let w(j) = -8*j - 7. What is w(-7)?
49
Let s(w) = 2*w**3 + 3*w**2 - 2. Determine s(-2).
-6
Let c(y) = -y**3 - y**2 + 5*y - 4. What is c(-4)?
24
Let l(o) = 13*o + 7. Determine l(-2).
-19
Let l(b) = b + 20. Determine l(-13).
7
Let c(w) = -w - 3. What is c(6)?
-9
Let d(c) = -c**2 + 7*c + 67. What is d(12)?
7
Let u(x) = x**3 + 4*x**2 - 2*x + 6. Calculate u(-5).
-9
Let j(t) = -25*t - 48. Determine j(-3).
27
Let t(i) = i**3 - 3*i**2 + 3*i - 1. What is t(3)?
8
Let z(d) = -d**3 - 2*d**2 + 6*d - 7. Calculate z(-4).
1
Let n(u) = u**3 - 3*u**2 + 2. Determine n(5).
52
Let k(m) = -20*m**2 - 1. Determine k(-1).
-21
Let l(z) = -z**3 + 2*z**2 - z + 5. Give l(0).
5
Let o(n) = -n**2 + 8*n + 11. Give o(12).
-37
Let m(x) = -x + 10. What is m(5)?
5
Let k(p) = p - 36. Calculate k(31).
-5
Let a(b) = -b**2 + 4*b + 2. What is a(8)?
-30
Let j(p) = -43*p + 473. What is j(11)?
0
Let x(t) = -t**3 - 3*t**2 + 4*t - 5. Calculate x(-5).
25
Let m(a) = a**2 - 12*a + 26. Calculate m(9).
-1
Let o(c) = -3*c**2 - 13*c + 21. Calculate o(-7).
-35
Let t(k) = k**2 - 4*k + 2. Give t(2).
-2
Let b(p) = -p**3 + 23*p**2 + 48*p + 21. Determine b(25).
-29
Let o(r) = -25*r**3 + r**2 + r. Give o(-1).
25
Let r(b) = 10*b + 2. Calculate r(3).
32
Let d(z) = -z**2 + 17*z - 60. Determine d(12).
0
Let g(r) = -r**3 - 8*r**2 - 14*r + 12. What is g(-7)?
61
Let r(t) = -4*t + 5. Give r(3).
-7
Let z(r) = r**3 + 43*r**2 + 43*r + 37. Give z(-42).
-5
Let x(u) = -u + 12. What is x(-4)?
16
Let a(q) = -24*q + 177. Give a(7).
9
Let g(j) = 13*j + 13. Determine g(-6).
-65
Let z(u) = 27*u - 6. Give z(-1).
-33
Let w(l) = -9*l + 77. What is w(8)?
5
Let n(l) = l**2 + 15*l + 26. What is n(-12)?
-10
Let g(l) = -l**2 + 19*l + 22. Give g(21).
-20
Let t(u) = -3*u + 6. Determine t(-5).
21
Let q(l) = l**3 + 3*l**2 -